
False
Does 382 divide 251290678?
True
Does 67 divide 332749872?
True
Is 4 a factor of 1067313332?
True
Is 537997174 a multiple of 11?
True
Does 16 divide 115436208?
True
Does 58 divide 44865026?
False
Does 249 divide 193924487?
False
Is 145145376 a multiple of 148?
True
Is 11 a factor of 10203720?
False
Does 2284 divide 43439396?
True
Is 15 a factor of 31503028?
False
Is 16 a factor of 672704?
True
Is 25869023 a multiple of 20?
False
Is 49 a factor of 193229785?
True
Does 80 divide 20668880?
True
Does 4833 divide 3172535856?
True
Does 300 divide 38080365?
False
Is 434 a factor of 445252363?
False
Is 6544122 a multiple of 39?
True
Is 4567 a factor of 456736638?
False
Does 6 divide 913633800?
True
Is 16169561 a multiple of 35?
False
Does 12 divide 3215308388?
False
Is 448092664 a multiple of 3298?
True
Does 2 divide 25941045?
False
Is 156 a factor of 733406544?
True
Does 141 divide 2661798?
True
Is 2 a factor of 66502180?
True
Does 3144 divide 447652152?
True
Is 39942 a multiple of 9?
True
Is 8 a factor of 310747997?
False
Does 40 divide 9633280?
True
Does 128 divide 3419074816?
True
Is 380 a factor of 191382494?
False
Is 1987089422 a multiple of 791?
False
Is 42 a factor of 8959734?
True
Does 25 divide 177300350?
True
Is 259 a factor of 247377634?
True
Is 121559710 a multiple of 430?
True
Is 26 a factor of 651621542?
True
Is 160 a factor of 201840038?
False
Is 338 a factor of 124858890?
True
Is 2685 a factor of 407908205?
False
Does 22 divide 142886260?
True
Is 18459691 a multiple of 64?
False
Is 735 a factor of 356333880?
True
Does 77 divide 55306097?
True
Is 23951136 a multiple of 528?
True
Does 3 divide 331006409?
False
Does 3031 divide 218034985?
True
Is 824 a factor of 37204694?
False
Is 7269 a factor of 593739189?
True
Is 55 a factor of 156557940?
True
Does 903 divide 29240295?
False
Is 877002 a multiple of 114?
True
Is 93554775 a multiple of 25?
True
Does 17 divide 46126611?
False
Is 275564820 a multiple of 3981?
True
Does 9 divide 1099516883?
False
Does 17 divide 181790766?
False
Does 8 divide 19446326?
False
Is 3757006 a multiple of 706?
False
Is 494784416 a multiple of 7?
True
Is 16 a factor of 5161072?
True
Is 64 a factor of 1846010688?
True
Is 48 a factor of 26514023?
False
Is 1466 a factor of 6351535?
False
Is 803670 a multiple of 645?
True
Is 236 a factor of 1298846296?
True
Is 10835 a factor of 706279343?
False
Is 10482600 a multiple of 24?
True
Is 1928917760 a multiple of 385?
True
Is 1329 a factor of 23428941?
True
Is 453 a factor of 21415575?
True
Is 93257475 a multiple of 29?
True
Is 46937871 a multiple of 84?
False
Is 7039 a factor of 1367593232?
True
Does 270 divide 2384641533?
False
Is 29123277 a multiple of 213?
True
Is 100701776 a multiple of 16?
True
Is 46198968 a multiple of 14?
False
Does 59 divide 4069660006?
False
Does 1488 divide 346626316?
False
Is 27308634 a multiple of 6?
True
Does 21 divide 260650882?
False
Is 6366975 a multiple of 3?
True
Is 40229463 a multiple of 409?
False
Does 4 divide 176684653?
False
Is 758349957 a multiple of 31?
False
Is 1338 a factor of 2033220?
False
Does 9 divide 51931076?
False
Is 5364 a factor of 1162684548?
True
Is 119 a factor of 747899530?
True
Is 1222415400 a multiple of 634?
True
Is 61063677 a multiple of 57?
False
Is 14456453 a multiple of 4?
False
Does 3 divide 12479139?
True
Does 862 divide 56331700?
True
Is 12 a factor of 2397149?
False
Does 110 divide 88414237?
False
Is 96087035 a multiple of 7?
False
Is 18758127 a multiple of 817?
False
Is 1004 a factor of 138483560?
False
Is 144358879 a multiple of 2259?
False
Does 15 divide 129914514?
False
Does 822 divide 252621150?
True
Is 17 a factor of 45381398?
True
Does 1059 divide 1417876038?
True
Is 672483640 a multiple of 1292?
False
Is 12 a factor of 2832972?
True
Is 720551430 a multiple of 30?
True
Is 29 a factor of 31402547?
False
Is 2459477412 a multiple of 21?
True
Is 304540000 a multiple of 2002?
False
Is 88261900 a multiple of 809?
True
Is 50 a factor of 20567550?
True
Is 172 a factor of 59034012?
True
Is 54781995 a multiple of 15?
True
Is 3370109320 a multiple of 31?
False
Is 556 a factor of 296140056?
True
Is 349 a factor of 1669637289?
True
Does 904 divide 1634776424?
True
Is 11525 a factor of 2118271950?
True
Does 41 divide 188789461?
True
Is 242894655 a multiple of 45?
True
Does 357 divide 419725614?
True
Does 36 divide 33519887?
False
Is 1151534728 a multiple of 8?
True
Does 74 divide 50088158?
True
Does 205 divide 17065020?
True
Is 478490404 a multiple of 60?
False
Does 15 divide 2187704?
False
Is 9654045 a multiple of 79?
False
Does 2 divide 96285633?
False
Does 48 divide 134498621?
False
Is 192131492 a multiple of 1988?
False
Is 32594819 a multiple of 392?
False
Does 3685 divide 566963872?
False
Is 411856434 a multiple of 27?
True
Is 269875812 a multiple of 36?
False
Is 98 a factor of 23211398?
True
Does 270 divide 170017650?
True
Is 296392824 a multiple of 4641?
True
Is 156 a factor of 211267014?
False
Does 188 divide 94996034?
False
Does 511 divide 33506781?
True
Does 7 divide 6115669?
True
Is 5105440 a multiple of 20?
True
Does 607 divide 102668526?
False
Is 103258700 a multiple of 17?
False
Does 13 divide 141293204?
True
Is 267213775 a multiple of 107?
True
Does 2559 divide 29355306?
False
Is 2323 a factor of 11306041?
True
Is 523864830 a multiple of 1579?
True
Is 17 a factor of 1832182?
False
Does 1410 divide 252719940?
True
Is 11 a factor of 38156792?
False
Is 154 a factor of 54366928?
True
Is 1281442968 a multiple of 3384?
True
Is 65 a factor of 25248730?
True
Does 105 divide 25879350?
True
Does 44 divide 9289192?
True
Is 18645936 a multiple of 24?
True
Is 526021468 a multiple of 19?
False
Does 2 divide 86527173?
False
Does 2084 divide 144571248?
True
Is 4189 a factor of 266220852?
False
Is 205 a factor of 68944899?
False
Does 36 divide 114013188?
True
Is 8353 a factor of 1093775232?
True
Is 96 a factor of 10723120?
False
Is 7455972 a multiple of 58?
False
Is 8113418 a multiple of 1286?
False
Does 62 divide 74773922?
True
Is 21655159 a multiple of 3?
False
Is 4964960 a multiple of 1240?
True
Does 32 divide 342216640?
True
Is 17732306 a multiple of 80?
False
Is 66 a factor of 143814342?
False
Is 82 a factor of 52852654?
False
Is 15321 a factor of 2540191158?
True
Does 118 divide 46350990?
True
Is 45011750 a multiple of 10?
True
Is 86482662 a multiple of 2814?
True
Is 34 a factor of 27739410?
True
Does 9 divide 17314344?
True
Is 219 a factor of 55942236?
True
Does 48 divide 323103044?
False
Does 34 divide 6287280?
True
Is 451657496 a multiple of 8?
True
Is 646171716 a multiple of 163?
False
Is 2180 a factor of 41343824?
False
Is 1273 a factor of 19646209?
True
Is 808276858 a multiple of 63?
False
Does 15 divide 592927878?
False
Is 23 a factor of 12566010?
False
Does 106 divide 9660828?
False
Is 66145891 a multiple of 214?
False
Is 359235328 a multiple of 128?
True
Is 1071405280 a multiple of 16?
True
Does 27 divide 205542581?
False
Is 9541918 a multiple of 2?
True
Is 136 a factor of 58653400?
True
Is 1303 a factor of 9037608?
True
Does 1020 divide 627470406?
False
Does 10 divide 14041191?
False
Is 148596432 a multiple of 24?
True
Is 26 a factor of 363384216?
True
Is 10430741 a multiple of 3827?
False
Does 723 divide 93243061?
False
Is 73681096 a multiple of 149?
True
Does 71 divide 837832021?
True
Does 111 divide 646361880?
True
Does 99 divide 216080299?
False
Is 4511 a factor of 2265767036?
True
Is 95449806 a multiple of 50?
False
Is 1773 a factor of 1038986865?
True
Is 61642270 a multiple of 196?
False
Is 53 a factor of 106206859?
True
Is 2041020 a multiple of 1305?
True
Is 964 a factor of 62215635?
False
Is 8754 a factor of 33711654?
True
Is 1018 a factor of 3855228?
False
Does 89 divide 42530113?
False
Is 1759 a factor of 241514131?
False
Is 10873 a factor of 1888004582?
False
Is 51 a factor of 905375260?
False
Is 226 a factor of 54182596?
True
Does 42 divide 387269400?
True
Is 8 a factor of 127570672?
True
Is 5 a factor of 13699510?
True
Is 19530001 a multiple of 153?
False
Does 56 divide 473701188?
False
Is 16 a factor of 22202000?
True
Is 112 a factor of 12066544?
True
Is 73 a factor of 852914515?
False
Is 22 a factor of 851505846?
False
Is 3297 a factor of 265085232?
False
Does 28 divide 6821